r?
False
Is 1043 prime?
False
Is 238079 a composite number?
False
Is 1189505 prime?
False
Is 45743 a prime number?
False
Is 44909 prime?
True
Is 13841 prime?
True
Is 59809 a composite number?
False
Is 33703 a composite number?
False
Is 3443 composite?
True
Is 94177 a composite number?
True
Is 28571 a prime number?
True
Is 72161 prime?
True
Is 975073 composite?
True
Is 787181 a prime number?
True
Is 23251 a prime number?
True
Is 158611 a composite number?
False
Is 7789 a composite number?
False
Is 800609 composite?
True
Is 729223 composite?
True
Is 11303 prime?
False
Is 11467 composite?
False
Is 1109 a prime number?
True
Is 470263 a prime number?
True
Is 225631 prime?
False
Is 1444847 a prime number?
False
Is 32493 prime?
False
Is 278137 a composite number?
True
Is 603227 prime?
True
Is 44111 a composite number?
False
Is 304147 a prime number?
False
Is 577021 a prime number?
False
Is 26227 a prime number?
True
Is 993 composite?
True
Is 113614 a composite number?
True
Is 395 a composite number?
True
Is 26309 prime?
True
Is 6547 a prime number?
True
Is 1737979 prime?
True
Is 227627 prime?
True
Is 19009 a composite number?
False
Is 21579 composite?
True
Is 2558219 composite?
False
Is 5435 a composite number?
True
Is 22529 prime?
False
Is 270851 a prime number?
False
Is 6709 prime?
True
Is 889 prime?
False
Is 176533 composite?
True
Is 22523 prime?
False
Is 39541 prime?
True
Is 26281 prime?
False
Is 1766482 a composite number?
True
Is 8887 a composite number?
False
Is 162521 prime?
False
Is 143461 a prime number?
True
Is 10567 a composite number?
False
Is 13165 prime?
False
Is 356791 prime?
False
Is 127217 a prime number?
True
Is 65399 composite?
True
Is 941 prime?
True
Is 687767 a prime number?
True
Is 23857 a composite number?
False
Is 161 a composite number?
True
Is 20557 a composite number?
True
Is 76939 composite?
True
Is 71287 composite?
False
Is 7609 a composite number?
True
Is 47651 a prime number?
False
Is 6995 a prime number?
False
Is 1149 a composite number?
True
Is 590833 composite?
False
Is 10537 a prime number?
False
Is 769903 prime?
True
Is 45949 a composite number?
False
Is 3630347 composite?
True
Is 462047 a prime number?
False
Is 134137 a prime number?
False
Is 2581503 prime?
False
Is 648589 prime?
False
Is 867979 a prime number?
False
Is 731323 a prime number?
False
Is 24659 a composite number?
False
Is 2533497 composite?
True
Is 21713 composite?
False
Is 63799 composite?
False
Is 327257 a composite number?
True
Is 2561 a composite number?
True
Is 44833 prime?
False
Is 122495 a composite number?
True
Is 27361 a prime number?
True
Is 57083 composite?
True
Is 65053 a prime number?
True
Is 352617 composite?
True
Is 683 prime?
True
Is 407497 a composite number?
True
Is 2039 a prime number?
True
Is 2203 prime?
True
Is 408071 composite?
False
Is 36429 composite?
True
Is 150607 a composite number?
False
Is 26822 composite?
True
Is 48029 a composite number?
False
Is 541 composite?
False
Is 19541 composite?
False
Is 22749 prime?
False
Is 302801 a composite number?
False
Is 14255 composite?
True
Is 2785 a composite number?
True
Is 160501 prime?
False
Is 1531 a composite number?
False
Is 3862 a prime number?
False
Is 629 a composite number?
True
Is 9719 composite?
False
Is 763369 a composite number?
False
Is 7237 prime?
True
Is 58757 composite?
False
Is 1027319 prime?
True
Is 1446973 a prime number?
False
Is 259967 prime?
True
Is 29167 a prime number?
True
Is 817211 a prime number?
True
Is 14141 prime?
False
Is 663259 a composite number?
True
Is 236311 a prime number?
False
Is 4271 a composite number?
False
Is 57254 a prime number?
False
Is 375055 composite?
True
Is 55331 prime?
True
Is 47899 composite?
True
Is 1058071 a prime number?
False
Is 30341 a prime number?
True
Is 29039 prime?
False
Is 155879 a prime number?
False
Is 57709 a composite number?
False
Is 295291 prime?
True
Is 65122 a composite number?
True
Is 9103 a composite number?
False
Is 30869 a prime number?
True
Is 583577 a composite number?
False
Is 738499 a composite number?
False
Is 23101 composite?
True
Is 1079497 a composite number?
True
Is 129041 composite?
True
Is 578489 a prime number?
True
Is 3091 a composite number?
True
Is 149459 a composite number?
False
Is 44017 a composite number?
False
Is 142799 prime?
True
Is 5182 prime?
False
Is 29119 a composite number?
True
Is 465761 a prime number?
True
Is 26773 prime?
False
Is 681673 composite?
False
Is 1165121 a prime number?
True
Is 36429 prime?
False
Is 5329 a composite number?
True
Is 3449 a composite number?
False
Is 19307 a prime number?
False
Is 26551 composite?
True
Is 73751 a composite number?
False
Is 376627 a prime number?
True
Is 1023499 a composite number?
False
Is 12605 composite?
True
Is 21647 a composite number?
False
Is 55 composite?
True
Is 73841 prime?
False
Is 85931 prime?
True
Is 5737 composite?
False
Is 42481 composite?
True
Is 103549 a composite number?
False
Is 323011 a composite number?
True
Is 91231 a composite number?
True
Is 20437 a prime number?
False
Is 731141 composite?
False
Is 22361 prime?
False
Is 1210513 composite?
True
Is 143 prime?
False
Is 2994809 a prime number?
True
Is 15259 a prime number?
True
Is 88645 prime?
False
Is 11885 prime?
False
Is 464171 a composite number?
False
Is 75659 a prime number?
True
Is 32987 composite?
False
Is 306221 a prime number?
False
Is 122339 a prime number?
False
Is 151277 a prime number?
False
Is 85039 prime?
False
Is 8663 prime?
True
Is 1183597 prime?
True
Is 444729 prime?
False
Is 7855 a prime number?
False
Is 4799 a composite number?
False
Is 1399 a prime number?
True
Is 98203 composite?
True
Is 3371 a prime number?
True
Is 36401 a prime number?
False
Is 50201 a prime number?
False
Is 82993 a composite number?
True
Is 121161 composite?
True
Is 11497 a prime number?
True
Is 2568971 composite?
True
Is 858859 prime?
True
Is 8039 a composite number?
False
Is 1806297 a composite number?
True
Is 4435 a composite number?
True
Is 228829 composite?
False
Is 81745 prime?
False
Is 41771 a composite number?
False
Is 4831 prime?
True
Is 595801 composite?
False
Is 26929 a prime number?
False
Is 23357 a prime number?
True
Is 4932329 prime?
False
Is 3953 a prime number?
False
Is 6193 a composite number?
True
Is 321251 prime?
False
Is 47361 prime?
False
Is 19661 prime?
True
Is 330479 prime?
False
Is 53765 prime?
False
Is 4391 a composite number?
False
Is 4031 prime?
False
Is 2455077 prime?
False
Is 276229 prime?
True
Is 11879 composite?
True
Is 242183 a composite number?
True
Is 21881 prime?
True
Is 3144989 a composite number?
False
Is 4861 prime?
True
Is 89299 composite?
True
Is 283187 a prime number?
False
Is 13379 a prime number?
False
Is 85 a prime number?
False
Is 22013 a prime number?
True
Is 149827 composite?
False
Is 5363 composite?
True
Is 1228121 a composite number?
True
Is 47207 a composite number?
False
Is 169553 a prime number?
True
Is 4133 composite?
False
Is 10519 composite?
True
Is 846841 a composite number?
False
Is 166639 a composite number?
True
Is 14447 composite?
False
Is 234271 a composite number?
False
Is 44809 a composite number?
False
Is 29591 a composite number?
True
Is 67937 composite?
True
Is 86003 a composite number?
True
Is 158803 a prime number?
True
Is 1591663 composite?
False
Is 325181 a composite number?
False
Is 59647 a composite number?
True
Is 70177 prime?
True
Is 85009 prime?
True
Is 388891 composite?
False
Is 42811 prime?
False
Is 143087 composite?
True
Is 37243 a prime number?
True
Is 34787 a composite number?
True
Is 14981 composite?
True
Is 18773 prime?
True
Is 11239 composite?
False
Is 22006 a prime number?
False
Is 33313 composite?
True
Is 282053 a prime number?
True
Is 7573 a prime number?
True
Is 48562 a prime number?
False
Is 4106 a composite number?
True
Is 7817 a composite number?
False
Is 360541 prime?
True
Is 374953 a prime number?
True
Is 26489 composite?
False
Is 22433 prime?
True
Is 3233 a composite number?
True
Is 39911 a prime number?
False
Is 65413 composite?
False
Is 11149 prime?
True
Is 6353 a composite number?
False
Is 17555 prime?
False
Is 69899 prime?
True
Is 2929 composite?
True
Is 10561 a prime number?
False
Is 6589 prime?
False
Is 104279 composite?
True
Is 57557 composite?
False
Is 138557 a composite 